et z(y) = 3 - 3*y + 0*y - s*y**2 + 4*y - 2 + y**3. Give z(g).
4
Let p = -27 + 28. Let q(h) = 18*h**2 - h. What is q(p)?
17
Let c(d) = d**3 - 4*d**2 - 2*d + 3. Let h(j) = -j. Let k(q) = -q. Let t(b) = 6*h(b) - 5*k(b). Let z(a) = -c(a) - t(a). Give z(4).
9
Let u(x) = -x**2 + x - 1. Let p(n) = -n**3 + 8*n**2 - 2*n + 3. Let g(y) = p(y) + 5*u(y). Let r(a) = -2*a + 2. Let k be r(-1). Determine g(k).
-6
Let s(n) = -n**3 + n**2 + 2*n + 1. Let c be s(-1). Let h be (-6)/(-4) + c/2. Let g(y) = -2*y. Calculate g(h).
-4
Let x(z) be the third derivative of z**4/24 - 7*z**3/6 - 6*z**2. Give x(6).
-1
Let r(i) = -11*i**2 + 5*i - 9. Let a(t) = -5*t**2 + 2*t - 4. Let u(y) = 13*a(y) - 6*r(y). Give u(5).
7
Let l be (2/(-3))/(4/6). Let u be (-1)/l - (-2 + 6). Let z(o) = 6 - 4*o + 3*o - 5. What is z(u)?
4
Let y(j) = -1 + 5 + 2*j - 2. Let u(w) = -1. Let r(n) = 5*u(n) + y(n). Let t(q) = q**2 + 2*q - 5. Let v be t(-4). Calculate r(v).
3
Let k(l) = 0 + 3 - l**2 - 5*l - 2. Let c(t) = t + 2. Let u be c(-7). Give k(u).
1
Let j(p) = p**3 + 9*p**2 + 7*p - 5. Let f be j(-8). Let d(q) = 13*q - 9*q - 4*q**2 - 1 + 2 + 2 - q**f. Determine d(-5).
8
Let k(q) = -3. Let w(v) = v + 7. Let t(i) = 9*k(i) + 4*w(i). Let a = 7 + -5. Calculate t(a).
9
Let f(n) be the second derivative of -n**5/20 - n**4/12 - n**3/6 - n**2/2 - n. Give f(-2).
5
Let c(b) be the second derivative of -b**5/20 - b**3/3 - b**2/2 - 11*b. What is c(-2)?
11
Let m(p) = -20*p**2 - 3*p + 9. Let s(i) = -10*i**2 - i + 4. Let c(j) = 3*m(j) - 7*s(j). Suppose 0*y - 2 = 2*y. What is c(y)?
11
Let p(w) = w**3 + 7*w**2 + 5*w - 2. Let z = -14 + 8. Determine p(z).
4
Let w be 10 + -6 - (-3)/(6/4). Let h(u) = u**2 - 6*u - 3. Calculate h(w).
-3
Let u be (1/(-2))/((-1)/(-10)). Let a = -9 - u. Let f(k) be the first derivative of -k**3/3 - 5*k**2/2 - 5*k - 3. Calculate f(a).
-1
Suppose d = -4*l - 46, -5*l - 57 = -d + 2*d. Let a be (7/14)/(2/28). Let c = a + l. Let n(x) = x**2 + 4*x - 1. Give n(c).
-1
Let z(g) = 5*g**3 - g**2 + 3*g + 2. Let w(x) = 4*x**3 + 2*x + 1. Let s(b) = -6*w(b) + 5*z(b). Let l be s(3). Let k(h) = h + 9. Calculate k(l).
4
Let a(p) = -p**2 + p + 1. Let d be -1 + ((-3)/(-2))/((-12)/(-24)). Give a(d).
-1
Let i(m) = -m + 2*m + 1 - 1. Let x(g) = g**3 - 6*g**2 - 9*g + 9. Let f be x(7). Let u be (-2)/(-5) + (-13)/f. Calculate i(u).
3
Let b(o) be the first derivative of 0 - o**2 + 1 + 1 + o. Suppose 0 = -5*i + 3 - 8. What is b(i)?
3
Let b(u) = u**3 - 6*u**2 + 3*u + 5. Suppose w + 4 = 3*h + 3*w, 0 = 5*w + 20. What is b(h)?
-15
Let z(y) = -y**2 - 2*y + 1. Let j(w) = -2*w**3 - 2*w**2 - 2*w + 2. Let g = 4 + -6. Let k be j(g). Suppose 0 = -5*v + s - k, v + 7 = -3*v + 5*s. What is z(v)?
-2
Let k(i) be the third derivative of 0*i + 1/3*i**3 + 0*i**4 + 1/15*i**5 + 7*i**2 + 0 - 1/120*i**6. Determine k(4).
2
Let d(w) = -3*w + 2. Let u(i) = -4*i + 1. Let x(v) = -3*d(v) + 2*u(v). Give x(5).
1
Let j(p) = -106*p**2 + 108*p**2 - 14*p**3 - p**3 - 1. Calculate j(1).
-14
Let q(y) = y**3 - 10*y**2 + y - 9. Let u be q(10). Let h(s) = -s + 6. Let x be h(6). Let m(b) = b**2 - b**3 - 2 - u + x + b. What is m(0)?
-3
Let o(b) = 384 - 190 + b - 191. Give o(5).
8
Let r(z) = 1. Let d(o) = -3*o + 8. Let k(p) = d(p) - 4*r(p). Determine k(5).
-11
Suppose -p = 5*y + 5, -5*y + 0*p - 5*p = 25. Let s(a) = -6*a + 0*a + a**2 + y + 1 - a. What is s(6)?
-5
Let t(y) = -5 + 1 - 2*y + 5. Determine t(-1).
3
Let x(s) = 1 - 2 - 3*s + s**3 + 3*s**2 - 1. Give x(-2).
8
Let r(b) = 24*b - 34. Let t(c) = -5*c + 7. Let h(d) = -3*r(d) - 14*t(d). What is h(4)?
-4
Let i(g) be the first derivative of -2 + 0*g - 1/2*g**2. Determine i(-1).
1
Suppose 5*f + 5*d - 2*d - 16 = 0, -3*f + 3*d = 0. Let q(h) = h**3 - 3*h**2 + 3*h - 3. Calculate q(f).
-1
Let c(b) be the first derivative of -b**2/2 - 10*b - 8. Let h be c(-9). Let p(y) be the second derivative of y**5/4 - y**2/2 - y. What is p(h)?
-6
Let o = -4 + 9. Suppose o*i - 25 = 2*n + 3*n, -2*i + 4*n + 18 = 0. Let z(j) = 5*j. Determine z(i).
5
Let j(n) = -n**2 - 4*n - 1. Let x be j(-2). Suppose -x = 3*o + 3. Let w(u) = 2 - u**2 + 0*u**2 + 0*u**2. What is w(o)?
-2
Let j(d) = d**2 - 7*d + 5. Let y(h) = -1. Let i(q) = -j(q) - 2*y(q). Let m(x) = -x**2 + 6*x - 2. Let z be m(4). Calculate i(z).
3
Let l(j) = -3*j + 3. Suppose 0 = 2*o + 3 - 17. Suppose -o*z = -11*z. Suppose -2*u + 1 + 5 = z. Calculate l(u).
-6
Let f(b) = 2*b - 1. Let q be f(1). Let t(o) = 3 - 1 - q + 1 - o. Give t(5).
-3
Suppose -4 - 16 = -5*y. Let n(x) = -2*x - 2 + y*x - 2*x - x. Suppose 7 = 3*z - 5. Determine n(z).
-6
Let v = -2/359 + 399/7180. Let w(z) be the second derivative of 1/3*z**4 - 3*z + v*z**5 + 2*z**2 - 5/6*z**3 + 0. Calculate w(-5).
4
Suppose -f + 3*f + 3*v - 12 = 0, -3*f - 2*v + 13 = 0. Let q = 0 + f. Let u(r) = r**2 - 4*r - 3. Determine u(q).
-6
Suppose 4*b - 2 - 2 = 4*r, -18 = -2*r - 3*b. Let v(w) = -w**3 + 3*w**2 + 4*w - 4. Calculate v(r).
8
Suppose -4*j = -5*z + 16, -8 = 2*j + 4*z - 6*z. Let f = 8 + j. Let n(i) = 2*i - 4. What is n(f)?
4
Suppose -y + 2*y = -4*o + 9, 2*o + y - 3 = 0. Let h(s) = s - 1 - o - 5 - 4. Give h(6).
-7
Let x(i) = -i**3 + 3*i**2 + 6*i - 4. Let z(l) = -l**3 + 9*l**2 - l - 1. Let j be z(9). Let h = 14 + j. What is x(h)?
4
Suppose 6*x = 5*x + 5. Let r be (-12)/(-18)*(1 + x). Let d(u) = -4*u**3 + r*u - 3*u + 3 + 3*u**3. Give d(0).
3
Suppose 1 = h + 4. Let p(k) = -4*k + 3. Give p(h).
15
Suppose -14 = -g - 4*z, -g + 6*g - z = -14. Let y(i) be the first derivative of -3*i**2 - 2*i + 2. Calculate y(g).
10
Let m(r) = -r**3 + 3*r**2 + 2*r - 4. Let d(o) = -4*o**2 - 3*o + 5. Let f(y) = 3*d(y) + 4*m(y). Let n be ((-3)/(-9))/((-1)/3). Calculate f(n).
4
Let q be -2 + 40/15 + 16/3. Let p(u) = -u + 3. Determine p(q).
-3
Let r be (-60)/8*(-4)/5. Let m(g) = -2*g + 9. Give m(r).
-3
Let r(x) = -x**2 - 9*x - 1. Suppose -33 = 7*q + 23. Give r(q).
7
Suppose 0 = 4*l - 7*l. Let r(f) = -f + 1. Calculate r(l).
1
Let j(m) = -9*m**2 - 7. Let h(r) = 5*r**2 + 4. Let s(g) = 7*h(g) + 4*j(g). Let a = 45 + -43. What is s(a)?
-4
Let k = 7 - 2. Let l = k + 0. Let a(j) = -j + 5. Let p be a(l). Let r(h) = -h - 3. What is r(p)?
-3
Let s(x) = x**2 + 2*x + 4. Let l(q) = q**2 + 4*q - 8. Suppose 2*b + 3 = f - 3, 2*b - 2*f + 2 = 0. Let c be l(b). Determine s(c).
7
Let g(i) be the third derivative of -1/4*i**4 + 0*i - 1/60*i**5 - 1/2*i**3 + 0 + i**2. Suppose 146*m - 152*m = 12. Determine g(m).
5
Let a(l) = -l**2 - l - 1. Let u(o) = 6*o**2 + 8*o + 11. Let p(d) = 5*a(d) + u(d). Determine p(-6).
24
Let c be (3/6)/((-1)/(-2)). Let j(d) = -c + 2*d + 1 - 2. Calculate j(-2).
-6
Let z(q) = q - 1. Let u(r) = -3*r - 2. Let h(s) = u(s) + z(s). Determine h(-2).
1
Let b = 12 - 17. Let y(l) = -10*l**3 - 19*l**2 + 18*l + 6. Let s(h) = -7*h**3 - 13*h**2 + 12*h + 4. Let c(u) = -7*s(u) + 5*y(u). Give c(b).
-3
Let i(g) = g**3 - 4*g**2 + 3. Let m = -4 - -10. Let h = -2 + m. Calculate i(h).
3
Suppose 3*s = -0*s - 3. Let r(v) = -6*v**2 + v - 1. Let d(p) = -5*p**2 + 2*p - 1. Let x be 3/(-4) - 90/(-24). Let i(f) = x*r(f) - 2*d(f). Calculate i(s).
-8
Let z(i) be the third derivative of -2*i**5/15 - i**4/12 - i**3/6 - 18*i**2. Give z(-1).
-7
Let j = -1 + 1. Let s(g) be the first derivative of -g**3/6 + 2*g**2 + 2*g - 3. Let h(r) be the first derivative of s(r). What is h(j)?
4
Let b(g) = -g + 11 + 1 - 7. What is b(5)?
0
Let b(u) = -u - 1. Let o(c) = -4*c - 4 + 3*c - 3*c. Let a(i) = 7*b(i) - 2*o(i). What is a(1)?
2
Let v(y) be the first derivative of -5*y**2/2 + 8*y + 41. Give v(7).
-27
Let i(n) = 2*n**2 - 9 - 7 - 3*n**2 + 3*n + 20. Suppose -6 = -l - 1. Determine i(l).
-6
Let o be -2 - (-1 + -2 + 2). Let b(j) = 13*j - 2. Let t(l) = -19*l + 3. Let z(g) = 8*b(g) + 5*t(g). Give z(o).
-10
Let n be ((-6)/5)/(14/(-35)). Let q be (0 + n)*(-12)/9. Let y(v) = -2*v - 6. Give y(q).
2
Let t(s) = -14*s + 1. Let j(l) = 14*l. Let g(w) = -3*j(w) - 2*t(w). What is g(2)?
-30
Let a(m) = -3*m - 4. Suppose 3*y + 36 = -3*y. Determine a(y).
14
Let d(x) = 4*x + 8. Suppose 3*s - s = 8. Suppose 0 = -5*f - 29 + s. Let z(r) = 7*r + 16. Let l(c) = f*d(c) + 3*z(c). Determine l(0).
8
Let l(q) be the second derivative of q**5/10 - q**4/6 - q**3/6 + 7*q. Give l(2).
6
Let k = -14 + 14. Let g(l) be the third derivative of l**4/24 - 11*l**3/6 - l**2. Calculate g(k).
-11
Let p(v) = 3*v**3 + 26*v**2 + 23*v + 17. Let b(q) = q**3 + 9*q**2 + 8